 (base 14) to base 8.
2264
What is 23221 (base 10) in base 16?
5ab5
Convert -10455 (base 6) to base 13.
-896
-22010010 (base 3) to base 6
-43220
What is -50867 (base 9) in base 2?
-1000001011101010
Convert 1550 (base 6) to base 11.
358
330022 (base 5) to base 11
8509
Convert 2b15 (base 16) to base 8.
25425
What is -176716 (base 8) in base 6?
-1220450
What is -716 (base 8) in base 10?
-462
-322 (base 13) to base 11
-447
Convert 767 (base 11) to base 14.
49a
Convert 57a (base 12) to base 5.
11224
Convert 4505 (base 12) to base 8.
16725
What is -6a7 (base 11) in base 15?
-3b3
-46b (base 14) to base 10
-879
Convert -101001100 (base 2) to base 7.
-653
What is -8a79 (base 12) in base 16?
-3bfd
-46047 (base 11) to base 13
-24412
What is 1a86 (base 14) in base 2?
1001011010110
Convert -b586 (base 13) to base 5.
-1300442
What is -104222 (base 5) in base 10?
-3687
What is -10001010000001 (base 2) in base 5?
-240313
Convert -13011 (base 10) to base 13.
-5bcb
Convert 12612 (base 8) to base 16.
158a
Convert -471 (base 15) to base 4.
-33232
What is -101111010001 (base 2) in base 12?
-1901
Convert 3023301 (base 4) to base 9.
18800
11063 (base 7) to base 6
20525
Convert -36a5 (base 14) to base 6.
-112121
Convert -538 (base 10) to base 2.
-1000011010
What is -10001001000100011 (base 2) in base 4?
-101020203
Convert -34a (base 15) to base 13.
-454
What is -200 (base 9) in base 12?
-116
What is -35151 (base 6) in base 10?
-5035
What is -b38 (base 13) in base 11?
-1483
Convert 16203 (base 9) to base 8.
25534
What is -2c8 (base 13) in base 3?
-200121
Convert 35412 (base 6) to base 15.
17b5
What is -11729 (base 10) in base 8?
-26721
332034 (base 5) to base 6
125155
34a9 (base 12) to base 11
4474
3cc7 (base 14) to base 2
10101000000111
Convert 113541 (base 7) to base 5.
1124021
Convert -4b2d (base 14) to base 15.
-3d83
What is -14034 (base 6) in base 14?
-b1c
-20243 (base 8) to base 5
-231410
4e5 (base 15) to base 9
1468
Convert 2 (base 15) to base 2.
10
What is -8131 (base 12) in base 11?
-a582
91ab (base 15) to base 2
111100000101001
What is 11317 (base 8) in base 13?
2265
-669a (base 11) to base 5
-240241
What is -f3 (base 16) in base 3?
-100000
Convert 2750 (base 15) to base 12.
4a40
Convert -268 (base 9) to base 11.
-194
What is -a96 (base 15) in base 5?
-34031
-2200 (base 6) to base 10
-504
-7d (base 14) to base 10
-111
What is -5a3 (base 15) in base 8?
-2376
What is -be1 (base 15) in base 4?
-221332
-51 (base 7) to base 3
-1100
What is -10530 (base 6) in base 12?
-a46
What is -145304 (base 8) in base 6?
-1040152
3 (base 7) to base 3
10
3b7 (base 15) to base 2
1101001111
-6236 (base 7) to base 10
-2183
Convert 5a4 (base 11) to base 3.
222122
What is 26a (base 14) in base 13?
2b5
What is 7553 (base 8) in base 14?
161d
1101110010 (base 2) to base 3
1012200
What is 1000000010 (base 2) in base 5?
4024
Convert 303250 (base 6) to base 15.
7203
Convert 13215 (base 7) to base 15.
10b0
11002 (base 9) to base 6
53432
Convert -6350 (base 11) to base 5.
-232104
-13400 (base 5) to base 15
-4d5
Convert 1559 (base 13) to base 4.
300230
-2123202 (base 4) to base 9
-14580
Convert 3573 (base 10) to base 4.
313311
Convert 1110001100 (base 2) to base 6.
4112
Convert -4485 (base 12) to base 9.
-11362
What is -101011100010 (base 2) in base 13?
-1364
Convert 609d (base 14) to base 4.
10003123
Convert 15515 (base 6) to base 3.
10112002
Convert -103311 (base 4) to base 2.
-10011110101
What is -266 (base 14) in base 9?
-585
What is -32812 (base 9) in base 8?
-52450
What is 1323420 (base 5) in base 6?
323435
3d8 (base 16) to base 13
5a9
Convert 1313 (base 7) to base 14.
27a
What is -14223 (base 6) in base 14?
-b67
Convert 567 (base 8) to base 3.
111220
What is -2001 (base 4) in base 6?
-333
Convert -60 (base 9) to base 11.
-4a
Convert 593 (base 10) to base 9.
728
-13 (base 13) to base 7
-22
What is -122202 (base 4) in base 15?
-783
What is -2466 (base 13) in base 16?
-1422
What is -1046 (base 9) in base 3?
-1001120
3870 (base 9) to base 2
101101010010
What is -61b2 (base 14) in base 11?
-116a8
What is 118 (base 13) in base 4?
2332
Convert -1253101 (base 6) to base 14.
-1b3d3
330331 (base 5) to base 6
124301
What is -18067 (base 9) in base 3?
-122002021
1200001222 (base 3) to base 2
1000000001011010
What is -1100022 (base 3) in base 6?
-4312
Convert -100111101100101 (base 2) to base 5.
-1122300
Convert -29a4 (base 12) to base 6.
-34324
What is -179 (base 12) in base 13?
-153
What is -1066 (base 10) in base 4?
-100222
321d (base 16) to base 11
9703
What is 1929 (base 10) in base 5?
30204
What is 3288 (base 11) in base 4?
1003223
Convert 378 (base 9) to base 6.
1242
Convert -38b9b (base 12) to base 9.
-127562
Convert -941 (base 11) to base 9.
-1500
What is -1025 (base 9) in base 13?
-45b
Convert -124342 (base 5) to base 7.
-20332
-1604 (base 10) to base 7
-4451
45 (base 16) to base 7
126
Convert 23542 (base 6) to base 15.
104b
-d49 (base 14) to base 13
-1260
Convert 17f (base 16) to base 2.
101111111
3271 (base 10) to base 16
cc7
Convert 542 (base 8) to base 3.
111010
Convert -23112 (base 5) to base 3.
-2021101
-246 (base 16) to base 14
-2d8
What is 1233111 (base 4) in base 15?
21a0
Convert 4544 (base 7) to base 5.
23044
-1301320 (base 4) to base 2
-1110001111000
224342 (base 7) to base 11
28032
-28f (base 16) to base 9
-807
-10101012210 (base 3) to base 5
-4111440
-1695 (base 13) to base 8
-6405
b8 (base 14) to base 10
162
-1742 (base 12) to base 14
-1030
Convert -218 (base 10) to base 5.
-1333
a8b (base 12) to base 16
60b
1010033 (base 4) to base 15
1462
What is -3b3 (base 16) in base 9?
-1262
Convert 12131 (base 7) to base 16.
c56
Convert -10000100111 (base 2) to base 6.
-4531
-45c (base 16) to base 7
-3153
Convert -3b2 (base 12) to base 5.
-4231
540 (base 11) to base 3
220001
10121111212 (base 3) to base 4
101112233
What is -309 (base 11) in base 4?
-11310
263 (base 9) to base 2
11011011
8162 (base 11) to base 9
15771
What is 1222031 (base 4) in base 10?
6797
43425 (base 6) to base 16
1769
Convert 1576 (base 10) to base 7.
4411
What is -4510 (base 7) in base 10?
-1624
What is -97 (base 14) in base 15?
-8d
What is 430 (base 6) in base 7?
321
What is 222013 (base 4) in base 11?
2030
Convert 389 (base 16) to base 4.
32021
What is a0ca (base 15) in base 8?
102224
-1949 (base 14) to base 15
-154d
-13c (base 16) to base 13
-1b4
-110101121 (base 3) to base 6
-105454
Convert -6a (base 11) to base 4.
-1030
Convert -3055 (base 8) to base 15.
-706
Convert -b0c (base 13) to base 9.
-2508
229a (base 14) to base 5
143031
Convert -1210 (base 6) to base 2.
-100100110
303 (base 10) to base 11
256
What is -d01 (base 16) in base 10?
-3329
Convert -3176 (base 12) to base 3.
-21102200
What is 1897 (base 10) in base 8?
3551
Convert -1c3 (base 15) to base 8.
-630
-222211211 (base 3) to base 11
-13781
34854 (base 10) to base 3
1202210220
11111001110010 (base 2) to base 6
202002
What is -1064 (base 12) in base 3?
-2110211
6405 (base 8) to base 6
23233
Convert 2014 (base 10) to base 7.
5605
Convert -263 (base 8) to base 10.
-179
-1001000011 (base 2) to base 12
-403
Convert 1a7 (base 14) to base 16.
157
What is -26 (base 14) in base 7?
-46
What is 560 (base 9) in base 11?
388
What is -4025 (base 6) in base 3?
-1012122
Convert -2112101 (base 3) to base 13.
-ac0
Convert 676 (base 14) to base 10.
1280
What is -142 (base 11) in base 16?
-a7
What is -1001111001110 (base 2) in base 13?
-2400
Convert 23932 (base 12) to base 11.
33068
-244202 (base 5) to base 10
-9302
827 (base 12) to base 11
986
Convert 507 (base 12) to base 13.
43c
Convert -e7e (base 16) to base 8.
-7176
101101011111 (base 2) to base 14
10bd
-11011 (base 4) to base 2
-101000101
-2e92 (base 16) to base 9
-17316
Convert -156 (base 13) to base 15.
-110
1368 (base 11) to base 3
2102111
Convert 222102 (base 3) to base 8.
1311
-10b (base 13) to base 4
-2310
What is 313 (base 5) in base 2?
1010011
230100 (base 4) to base 13
139b
Convert -10021000 (base 3) to base 10.
-2376
-11252 (base 6) to base 14
-836
What is 1647 (base 8) in base 14?
4ab
33 (base 8) to base 2
11011
5405 (base 6) to base 11
a18
Convert -1177 (base 10) to base 9.
-1547
111111101111 (base 2) to base 10
4079
Convert 16c1b (base 15) to base 5.
4323401
What is 4503 (base 8) in base 5?
334